t is 4963 (base 10) in base 3?
20210211
What is -3102201 (base 4) in base 10?
-13473
Convert -21a (base 15) to base 10.
-475
Convert 201 (base 8) to base 6.
333
11100111100001 (base 2) to base 5
433232
Convert -2552 (base 6) to base 10.
-644
Convert -da1 (base 16) to base 10.
-3489
-11000001000 (base 2) to base 13
-91a
1177 (base 8) to base 11
531
What is -558 (base 10) in base 16?
-22e
-100f (base 16) to base 10
-4111
-3103 (base 5) to base 6
-1511
2553 (base 7) to base 3
1022220
Convert 40a2 (base 11) to base 12.
3190
Convert -117 (base 15) to base 11.
-205
3760 (base 11) to base 13
2305
Convert -1b1 (base 16) to base 6.
-2001
-c0 (base 14) to base 16
-a8
Convert 1add (base 14) to base 15.
16b9
Convert 1037 (base 12) to base 3.
2102121
Convert 252560 (base 7) to base 16.
b600
What is 8099 (base 10) in base 11?
60a3
19676 (base 12) to base 13
13c4a
-2222 (base 7) to base 11
-668
What is -216 (base 12) in base 4?
-10302
700 (base 10) to base 3
221221
Convert 7b99 (base 13) to base 14.
6484
2135 (base 6) to base 2
111101011
35626 (base 7) to base 9
13587
What is -143 (base 14) in base 9?
-313
What is -53050 (base 8) in base 13?
-a068
-120230 (base 4) to base 9
-2145
What is -25242 (base 6) in base 5?
-110040
What is -3103011 (base 4) in base 14?
-4ccd
What is 10515 (base 7) in base 16?
a62
What is -10000110011100 (base 2) in base 3?
-102210200
Convert 10470 (base 10) to base 4.
2203212
Convert -5897 (base 11) to base 2.
-1111000110001
What is 5542 (base 6) in base 14?
67c
What is -423134 (base 5) in base 16?
-3759
What is -10742 (base 9) in base 13?
-3353
What is 1001101110000 (base 2) in base 15?
171b
What is 229d (base 15) in base 2?
1110010110100
30fb (base 16) to base 11
946a
1111102210 (base 3) to base 14
aa58
Convert -222200 (base 4) to base 12.
-16a8
What is 37 (base 15) in base 6?
124
What is 210022 (base 3) in base 7?
1451
Convert -31022 (base 5) to base 2.
-11111011100
Convert -10934 (base 13) to base 6.
-351245
255a0 (base 11) to base 7
211600
Convert 50 (base 14) to base 4.
1012
What is 405 (base 10) in base 4?
12111
Convert -2044 (base 7) to base 5.
-10333
What is 874 (base 13) in base 9?
1877
What is -111210 (base 3) in base 7?
-1041
Convert -100101100 (base 2) to base 10.
-300
What is -359 (base 12) in base 10?
-501
41124 (base 5) to base 9
3580
Convert -223344 (base 5) to base 3.
-101221100
-1435 (base 8) to base 12
-565
312 (base 12) to base 16
1be
-1085 (base 10) to base 15
-4c5
Convert -a41 (base 16) to base 15.
-ba0
What is 1025 (base 6) in base 13?
14c
131 (base 4) to base 3
1002
What is 2551 (base 8) in base 7?
4016
Convert -2752 (base 9) to base 16.
-818
-141704 (base 8) to base 13
-19a71
What is 232 (base 4) in base 2?
101110
What is -124110 (base 8) in base 6?
-531240
6336 (base 9) to base 10
4650
-114 (base 10) to base 7
-222
-122 (base 16) to base 10
-290
Convert 498 (base 10) to base 8.
762
What is -4864 (base 12) in base 11?
-6130
What is 2222 (base 5) in base 16?
138
2510 (base 9) to base 13
b10
Convert -813 (base 11) to base 14.
-502
Convert 1441304 (base 5) to base 10.
30829
What is 220 (base 8) in base 12?
100
What is 0 (base 9) in base 12?
0
What is -10442 (base 7) in base 3?
-10121022
What is 2b0 (base 16) in base 3?
221111
What is -498c (base 15) in base 12?
-9089
Convert -52105 (base 7) to base 15.
-3b9a
Convert -101 (base 8) to base 3.
-2102
What is -aa (base 11) in base 4?
-1320
Convert -1863 (base 10) to base 12.
-10b3
35c4 (base 13) to base 6
55100
-10011020011 (base 3) to base 5
-3442011
-14232 (base 6) to base 11
-1768
What is 261 (base 8) in base 11?
151
Convert -1210 (base 14) to base 11.
-2404
Convert -15b (base 12) to base 2.
-11010111
Convert 20801 (base 11) to base 16.
762b
Convert -26772 (base 9) to base 13.
-8336
539c (base 14) to base 12
843a
What is 2644 (base 11) in base 7?
13006
What is b47 (base 12) in base 6?
11331
Convert 1109 (base 11) to base 10.
1461
Convert 26033 (base 8) to base 3.
120111012
Convert -46d (base 14) to base 10.
-881
10304 (base 13) to base 11
1a92a
What is -3b3 (base 15) in base 14?
-443
Convert 21131 (base 5) to base 7.
4062
-2112102 (base 4) to base 9
-14166
-9d8 (base 14) to base 6
-13014
Convert 1122000 (base 3) to base 8.
2244
What is 54062 (base 7) in base 11?
a0a1
What is 1210233 (base 4) in base 16?
192f
What is -7081 (base 9) in base 11?
-3986
Convert -788 (base 11) to base 15.
-42d
-15420 (base 7) to base 5
-114301
-11f37 (base 16) to base 12
-36673
-11341 (base 5) to base 10
-846
What is 6c4 (base 13) in base 14?
5dc
Convert 3410 (base 6) to base 5.
11143
Convert 7523 (base 8) to base 14.
1603
-5015 (base 6) to base 16
-443
What is -31b1 (base 14) in base 6?
-103423
What is -c8c (base 13) in base 12?
-12a8
Convert 48785 (base 9) to base 16.
7fd0
Convert 24b (base 13) to base 4.
12101
Convert 102120112 (base 3) to base 9.
12515
404 (base 15) to base 13
547
What is 122022 (base 4) in base 2?
11010001010
-6225 (base 12) to base 11
-8034
Convert -a7cc (base 14) to base 8.
-70500
Convert 1000110000001 (base 2) to base 11.
3404
-2102020 (base 3) to base 16
-6e1
Convert 42505 (base 7) to base 15.
31ca
Convert 30256 (base 11) to base 5.
2403401
What is 141 (base 14) in base 15?
11d
Convert -b7 (base 15) to base 5.
-1142
Convert 4513 (base 12) to base 4.
1313133
Convert 11a (base 11) to base 13.
ac
What is -100001100001 (base 2) in base 11?
-1680
Convert -18833 (base 10) to base 4.
-10212101
What is -50c (base 13) in base 11?
-70a
122b (base 12) to base 6
13255
What is -11330200 (base 4) in base 2?
-101111100100000
Convert -fc7 (base 16) to base 9.
-5477
What is -335b (base 14) in base 10?
-8901
Convert -475 (base 14) to base 8.
-1567
Convert -5750 (base 8) to base 12.
-1920
What is 8835 (base 12) in base 15?
46b2
-3 (base 14) to base 13
-3
Convert 5247 (base 10) to base 12.
3053
What is 105641 (base 7) in base 16?
499d
Convert 60 (base 16) to base 4.
1200
5534 (base 7) to base 3
2201112
Convert -4607 (base 12) to base 2.
-1111001100111
What is 22626 (base 8) in base 10?
9622
1112 (base 6) to base 9
318
What is 31 (base 16) in base 15?
34
What is 230313 (base 4) in base 3?
10221100
2660 (base 16) to base 6
113252
10033 (base 4) to base 2
100001111
-11013330 (base 4) to base 13
-9726
Convert -193a (base 12) to base 11.
-2341
What is 200121022 (base 3) in base 4?
3103322
Convert -16083 (base 10) to base 5.
-1003313
7640 (base 11) to base 10
10087
What is -2542 (base 7) in base 15?
-441
What is -4a7 (base 11) in base 10?
-601
What is -4413123 (base 5) in base 9?
-125266
What is -30115 (base 9) in base 7?
-111443
40214 (base 6) to base 13
2521
10011002 (base 3) to base 5
33142
19b (base 16) to base 15
1c6
-11110101 (base 2) to base 6
-1045
-14232 (base 5) to base 7
-3322
What is 1101010001111 (base 2) in base 9?
10284
What is 11312123 (base 4) in base 14?
8a39
-1321244 (base 5) to base 12
-13381
122 (base 14) to base 9
271
What is 6763 (base 12) in base 9?
16633
Convert -697 (base 15) to base 10.
-1492
Convert 102012 (base 4) to base 13.
6b1
What is 12002 (base 5) in base 2?
1101101101
-32010 (base 5) to base 13
-c7b
Convert 2120112210 (base 3) to base 7.
300546
Convert 302322 (base 4) to base 12.
1a76
-1244 (base 11) to base 12
-b31
What is 1212211 (base 3) in base 14?
700
Convert 77595 (base 10) to base 16.
12f1b
What is -361 (base 15) in base 12?
-53a
Convert -24413 (base 6) to base 14.
-145b
732 (base 14) to base 10
1416
What is -23032 (base 4) in base 14?
-394
What is -3201 (base 7) in base 5?
-14003
Convert 101100010 (base 2) to base 3.
111010
-9bcd (base 14) to base 12
-13789
Convert -1034234 (base 5) to base 9.
-26706
Convert 873b (base 12) to base 7.
61244
What is -ca (base 16) in base 7?
-406
-124342 (base 5) to base 8
-11554
-13100 (base 8) to base 6
-42212
Convert -303112 (base 4) to base 9.
-4451
6200 (base 7) to base 3
2221212
Convert 200 (base 4) to base 12.
28
-2111012 (base 3) to base 11
-13aa
Convert 6561 (base 8) to base 15.
1046
Convert -39b5 (base 13) to base 2.
-10000001000100
Convert 29ff (base 16) to base 15.
32bb
Convert -1956 (base 14) to base 2.
-1000111101000
Convert 248 (base 9) to base 15.
db
Convert -1124401 (base 6) to base 14.
-17213
-122223 (base 4) to base 16
-6ab
-2175 (base 8) to base 2
-10001111101
What is -18465 (base 11) in b